*p, -p = -2*h + 146. What is the highest common divisor of 9 and h?
9
Let z be (-227)/(-9) - (-4)/(-18). Suppose 0 = -4*u + 3*o + 31, 4*u - o - 74 = -37. What is the highest common divisor of u and z?
5
Suppose -312 = 41*c - 45*c. What is the highest common divisor of 104 and c?
26
Let m = 1796 + -1158. What is the highest common factor of m and 58?
58
Let z(a) be the third derivative of a**5/6 + 3*a**4/8 - 7*a**3/6 + 10*a**2. Let m be z(3). What is the greatest common factor of 11 and m?
11
Suppose 2*j + 2*q + 12 = 6*j, 6 = 2*j - 3*q. Let f be (6/j)/(3/33). Calculate the greatest common factor of f and 44.
22
Let j = 86 - 28. Let k = 139 - j. Calculate the highest common factor of k and 27.
27
Let p = 140 + -60. What is the greatest common divisor of p and 640?
80
Suppose -u = 2 - 7, 85 = 2*m - u. Let s be (-4)/(-72)*92 - ((-5)/(-9))/5. Calculate the highest common divisor of s and m.
5
Suppose -102 = -2*d - w, 5*d - 4*d = w + 57. Calculate the highest common factor of d and 477.
53
Let r be 14/5 + (-1)/(-5). Suppose u + 3*u = -4*f + 184, 4*f = u + 179. Suppose -f = 3*p - 8*p. What is the highest common divisor of r and p?
3
Let d = 22 + -14. Let b be 1 - -3 - 3 - -43. Suppose 4*y - 4*f = f + b, 4*y - 56 = 2*f. What is the highest common divisor of d and y?
8
Suppose -3*u + 32 = -13. Let j = 9 + -7. Suppose -4*l - x + 331 = -j*l, -l - 2*x = -167. Calculate the greatest common divisor of l and u.
15
Let h(m) = 3*m - 7. Let k be h(3). Suppose 0 = v - r - 0*r - 12, k*v - 24 = 3*r. Calculate the greatest common factor of v and 132.
12
Let v(l) = -l - 23. Let b be v(9). Let g = -17 - b. Suppose -45 = -0*h - h. What is the highest common factor of g and h?
15
Let q(i) = -i**2 - 41*i - 128. Let z be q(-37). What is the highest common divisor of 28 and z?
4
Let j = 44 - 6. Let k = j - -8. Calculate the highest common factor of k and 69.
23
Let g be -4*4/(-8) + -5. Let p(h) = -h**3 - 3*h**2 - 4*h - 3. Let k be p(g). What is the highest common divisor of 81 and k?
9
Let o(d) = 6*d**2 - 5*d + 6. Suppose -r - 10 = -6*r. Let u be o(r). What is the greatest common divisor of 25 and u?
5
Suppose x - 57 = -2*x. Let g = -48 - -43. Let t be 4270/25 - 1/g. What is the greatest common factor of x and t?
19
Suppose 278 = 2*g + 14. What is the greatest common divisor of 384 and g?
12
Let f = -32 - -36. Let r be 4/(-2) + 284*2/f. What is the highest common divisor of 35 and r?
35
Suppose -32*y = -12254 - 418. What is the highest common factor of y and 308?
44
Let b(v) be the second derivative of -3*v**5/4 + v**3/6 + v**2/2 - 2*v. Let i be b(-2). Calculate the highest common factor of i and 17.
17
Let t(w) be the second derivative of 3*w**3 - 9*w**2/2 - w. Let n be t(4). What is the greatest common factor of 9 and n?
9
Suppose -2*k = 5*z + 1801, -2*z - 530 = 3*k + 186. Let u be 13/(-65) - z/5. Suppose -10 = -x + 8. What is the greatest common divisor of x and u?
18
Let j be ((-3)/2)/((-9)/204). Let x = -9 + 5. Let v = x + j. What is the greatest common divisor of 45 and v?
15
Let i = -87 - -26. Let d = i - -28. Let q = 50 + d. What is the greatest common divisor of 85 and q?
17
Let t = 20 - -106. Let j = t + -68. Let o = 97 - j. What is the greatest common divisor of o and 13?
13
Suppose -9*c = -2*j - 10*c + 45, -28 = -j + 5*c. Calculate the highest common factor of j and 46.
23
Suppose 1 = -2*x - 23. Let h be (-1 + 9)/(2/x). Let l be h/(-5) - (-12)/(-20). What is the highest common divisor of 9 and l?
9
Suppose 0 = -c - 7 + 10. Let j be (c - (-24)/(-9))*75. Calculate the highest common factor of j and 50.
25
Suppose -9*f = -11*f - 5*g + 273, 0 = -3*f + 3*g + 357. Calculate the greatest common divisor of f and 4.
4
Suppose q = -4*w + w + 132, -220 = -5*w + 4*q. Suppose -2*s - 2*j = -7*j - 152, 2*s = 2*j + 140. Calculate the highest common factor of w and s.
22
Suppose 5*x + 0*h = -2*h + 17, 4 = x + h. Let l be ((-1)/x)/((-24)/6336). What is the greatest common factor of l and 66?
22
Let c = -29 - -57. Let a be (-1 - 2)/(9/(-6)). Suppose 42 = 4*d + a*d. Calculate the highest common divisor of d and c.
7
Suppose 2*t - 11 - 21 = 0. Let d be (-8)/t*(-90 - -2). What is the greatest common divisor of d and 11?
11
Let q(h) = -21*h**3 + 19*h + 35. Let s be q(-2). What is the greatest common factor of 105 and s?
15
Suppose 3*j + 120 = 9*j. Let n be j/3 - 8/72*6. What is the greatest common divisor of 48 and n?
6
Suppose 2*g = -3*o + 7144, g + 0*g - 3572 = -4*o. Suppose 6*z - g = -962. Let s be (-1)/(-4) + z/20. Calculate the highest common divisor of s and 198.
22
Let p = 24 + -20. Suppose -p*z - 35 = -9*z. Calculate the highest common factor of 56 and z.
7
Suppose -31 + 115 = 3*x. Calculate the highest common divisor of x and 350.
14
Let o(c) = 236*c**3 - 31*c + 54. Let b be o(2). What is the greatest common divisor of 40 and b?
40
Let k be (-15)/(-60) + (-1)/(8/(-2230)). What is the highest common divisor of k and 9?
9
Let j be (-1)/3 - 200/15*-1. Let g(p) = 3*p + 9. Let v be g(10). What is the greatest common divisor of v and j?
13
Suppose -5*g = 168 + 102. Let f = 11 - g. Let c(b) = 6*b + 1. Let t be c(2). Calculate the greatest common factor of f and t.
13
Let p(r) = -r**3 - 6*r**2 + 4*r - 16. Let x be p(-7). Suppose 0 = -9*k + 152 + 73. What is the highest common divisor of x and k?
5
Let m(x) = -x**3 + 6*x**2 - 3*x + 8. Let c be m(6). Let h = c - -13. Let f be h*(-2)/3 + 14. What is the greatest common divisor of f and 84?
12
Let v be 20 + 2 + -2 - (12 + -17). What is the highest common factor of v and 625?
25
Suppose 38 = x - i, -7*i + 4*i - 12 = 0. Calculate the greatest common factor of x and 442.
34
Let s(u) = u**3 - 7*u**2 - 6*u + 14. Let b be s(8). Suppose 3 = -z - 12. Let p = -3 - z. What is the greatest common factor of p and b?
6
Suppose f + 2518 = 3*f + 4*y, 0 = 3*f + 2*y - 3781. Calculate the greatest common divisor of 97 and f.
97
Let d(z) = -z**3 - 5*z**2 - 3*z + 7. Let g be d(-5). Let v = 33 - g. Suppose -2*x + 40 + 45 = -o, 53 = x + 3*o. Calculate the greatest common factor of x and v.
11
Let t = -12 - -24. Let h(k) = k**3 - 6*k**2 + 4*k - 1. Let z be h(5). Let b = z + t. Calculate the highest common divisor of b and 6.
6
Let q(x) = -52*x + 9. Let i be q(0). What is the highest common divisor of i and 288?
9
Suppose 0 = -2*u + 8, 24 + 4 = 2*v - u. Suppose -41 = 3*l - 2*q, 5*l + 4*q = -45 - v. Let t = 20 + l. What is the greatest common divisor of t and 63?
7
Suppose 3*f = k - 11, k - 5*f - 49 = -2*k. Suppose -7 + k = a. What is the greatest common factor of 16 and a?
16
Let g(t) = 10*t**2 + 14*t + 30. Let v be g(5). Calculate the greatest common divisor of 550 and v.
50
Suppose z - 40 = -z. Suppose 0 = -7*m + 8*m - 3. Suppose m*a - 255 = 45. What is the greatest common factor of z and a?
20
Suppose -90 - 250 = -17*w. What is the greatest common factor of 590 and w?
10
Let k(p) = 6*p - 5*p**2 - 11*p + 6*p + 6 + p**2 + 2*p**3. Let b be 268/52 + (-4)/26. Let g be k(b). Calculate the greatest common factor of g and 23.
23
Suppose 3*d = -d + 340. Let b = 267 - 190. Let s = b + -43. What is the highest common divisor of d and s?
17
Suppose -1040 = -69*h + 17*h. What is the greatest common factor of h and 470?
10
Let s(n) = -2*n**2 - 20*n - 16. Let b be s(-8). What is the greatest common factor of 128 and b?
16
Let v be (1/(-2))/((-1)/180). Let f = -267 - -277. Calculate the greatest common divisor of f and v.
10
Suppose -24 = -6*q + 72. Let b be (4 + 4 + 2)*q. What is the highest common divisor of 20 and b?
20
Let m = 160 - -640. What is the highest common divisor of m and 50?
50
Let v(s) = -s**3 - 3*s**2 - 7*s - 8. Let l be v(-4). Let q = l - -41. Calculate the greatest common divisor of 7 and q.
7
Let d = 137 + -131. Calculate the highest common divisor of 27 and d.
3
Suppose o - 410 = -385. Calculate the highest common divisor of 175 and o.
25
Let v(o) = o**3 - 5*o**2 + 5*o - 2. Let q be v(4). Suppose q*s = 6*s - 8. Suppose s*r - 15 = 9. Calculate the greatest common factor of 48 and r.
12
Let n be 21/(-84) + (-3794)/(-8). Calculate the greatest common factor of 6 and n.
6
Suppose 0*g + 4*g - 44 = 4*n, -g - 4*n = -21. Let t(i) = 8*i - g*i + 55*i**2 + 6*i. Let m be t(1). What is the greatest common divisor of 7 and m?
7
Let y = -2 - -6. Suppose -2*v = 